) to base 15
-4d4
1001 (base 6) to base 13
139
What is -31314 (base 7) in base 2?
-1111000011000
-2c7 (base 14) to base 16
-237
What is -201121 (base 3) in base 10?
-529
What is 506 (base 9) in base 15?
1c6
Convert -11265 (base 7) to base 8.
-5511
Convert -10323 (base 4) to base 16.
-13b
-201 (base 5) to base 2
-110011
What is 2cb (base 14) in base 16?
23b
514 (base 9) to base 3
120111
What is 10073 (base 10) in base 6?
114345
Convert b2 (base 12) to base 11.
112
What is 211 (base 15) in base 11?
394
Convert 360 (base 7) to base 11.
162
What is -1187 (base 10) in base 3?
-1121222
What is 60c7 (base 13) in base 14?
4c13
What is 120110212 (base 3) in base 12?
6642
3413 (base 6) to base 11
669
-2900 (base 10) to base 12
-1818
Convert -23613 (base 9) to base 11.
-10970
5859 (base 10) to base 11
4447
5761 (base 9) to base 6
31431
Convert 40435 (base 6) to base 3.
21100012
What is 2066 (base 8) in base 11?
8a0
Convert 2bb3 (base 13) to base 5.
201044
-213525 (base 7) to base 14
-d84c
Convert 14344 (base 5) to base 3.
1200100
2177 (base 10) to base 11
16aa
Convert -13201023 (base 4) to base 12.
-159a3
Convert 31311233 (base 4) to base 5.
3303222
3b4 (base 13) to base 15
2d9
What is -74661 (base 8) in base 2?
-111100110110001
What is -1111 (base 2) in base 5?
-30
Convert 304102 (base 5) to base 14.
3874
What is -6600 (base 10) in base 12?
-39a0
What is -894 (base 12) in base 9?
-1654
Convert -14245 (base 13) to base 4.
-21031300
1213110 (base 5) to base 9
34370
Convert -558 (base 10) to base 15.
-273
-202000 (base 3) to base 6
-2300
-961 (base 11) to base 5
-14111
What is 1971 (base 10) in base 16?
7b3
Convert -14477 (base 12) to base 13.
-cb71
1212022 (base 3) to base 4
111032
432400 (base 5) to base 11
10077
-23981 (base 13) to base 4
-33330323
Convert -2c1 (base 16) to base 14.
-385
What is -10011110011 (base 2) in base 15?
-597
What is 30 (base 6) in base 8?
22
What is 12020211 (base 3) in base 2?
111011110101
What is -422430 (base 5) in base 16?
-3723
-100 (base 7) to base 13
-3a
What is 2686 (base 9) in base 4?
133212
Convert -24 (base 8) to base 12.
-18
-231 (base 14) to base 2
-110110011
Convert 212201000 (base 3) to base 7.
101244
Convert 102032 (base 5) to base 7.
12614
Convert -5c40 (base 15) to base 16.
-4cb3
-303041 (base 5) to base 2
-10011000101011
Convert 112122120 (base 3) to base 2.
10100110111000
1122 (base 6) to base 13
176
What is 3146 (base 8) in base 5?
23023
Convert -10002020 (base 3) to base 16.
-8c7
What is -1c63 (base 13) in base 5?
-114211
Convert -1100011111111100 (base 2) to base 12.
-25764
Convert 644 (base 10) to base 9.
785
Convert 131025 (base 7) to base 6.
304500
-1a41 (base 15) to base 8
-13066
182 (base 13) to base 6
1135
Convert 944 (base 16) to base 2.
100101000100
Convert -121425 (base 7) to base 9.
-33360
What is -112014 (base 5) in base 4?
-332221
Convert 21229 (base 10) to base 9.
32107
Convert -551 (base 9) to base 12.
-317
332302 (base 4) to base 8
7662
Convert 3ad (base 16) to base 12.
665
Convert 2340 (base 5) to base 9.
423
Convert -969 (base 13) to base 2.
-11001001000
-5401 (base 15) to base 5
-1032101
32984 (base 10) to base 9
50218
Convert 3569 (base 10) to base 12.
2095
Convert -2948 (base 10) to base 14.
-1108
What is -414443 (base 5) in base 7?
-55040
12801 (base 11) to base 3
221001202
What is -704 (base 13) in base 15?
-542
Convert -c8aa (base 16) to base 7.
-302524
What is -11744 (base 10) in base 4?
-2313200
Convert 364 (base 14) to base 16.
2a4
-133014 (base 5) to base 9
-7342
What is -133 (base 10) in base 2?
-10000101
Convert 220322 (base 4) to base 7.
10430
What is -255 (base 9) in base 5?
-1322
What is 37a (base 13) in base 15?
2a8
15 (base 13) to base 9
20
What is -4661 (base 9) in base 5?
-102312
-715 (base 9) to base 13
-359
What is -5742 (base 9) in base 13?
-1c1c
32234 (base 6) to base 11
3353
What is -3071 (base 8) in base 3?
-2012000
What is 3689 (base 12) in base 16?
1809
What is -238 (base 14) in base 9?
-541
Convert -1721 (base 8) to base 6.
-4305
Convert -183 (base 11) to base 12.
-158
Convert 2314 (base 5) to base 8.
516
What is -110001111011 (base 2) in base 6?
-22443
211403 (base 5) to base 4
1232333
4588 (base 10) to base 15
155d
-22685 (base 9) to base 5
-441033
-502135 (base 6) to base 16
-99cb
Convert -21020102 (base 3) to base 13.
-252b
Convert -2916 (base 11) to base 7.
-13662
3065 (base 8) to base 13
953
What is -1a349 (base 14) in base 10?
-66509
Convert -1a5bb (base 13) to base 16.
-c94a
142524 (base 6) to base 7
54421
Convert -1232044 (base 5) to base 3.
-1012221210
2023 (base 7) to base 6
3131
What is 3888 (base 15) in base 7?
50066
Convert -a296 (base 13) to base 10.
-22431
What is -99 (base 14) in base 5?
-1020
-7a (base 15) to base 7
-223
-503 (base 13) to base 2
-1101010000
54571 (base 11) to base 7
446640
What is -10101110011011110 (base 2) in base 8?
-256336
-c0ca (base 13) to base 9
-40347
-3391 (base 11) to base 7
-15664
288 (base 16) to base 15
2d3
What is -ba2 (base 12) in base 9?
-2305
What is 234 (base 15) in base 12?
357
Convert 2034 (base 5) to base 3.
100222
10214 (base 5) to base 16
2ac
112 (base 3) to base 15
e
What is -2b0 (base 12) in base 9?
-516
What is 2195 (base 12) in base 11?
2876
-5303 (base 6) to base 15
-546
Convert 12033103 (base 4) to base 9.
38044
831 (base 11) to base 9
1333
Convert 13404 (base 5) to base 15.
4d9
-4aa3 (base 12) to base 6
-103123
-48dd (base 14) to base 16
-31c3
17e2 (base 15) to base 12
2ba2
Convert 20205 (base 8) to base 5.
231300
What is -927 (base 15) in base 3?
-2211101
What is -b95 (base 13) in base 11?
-1541
Convert 691 (base 11) to base 9.
1117
Convert -1133024 (base 5) to base 9.
-31738
Convert -bb02 (base 14) to base 6.
-405422
What is -22202121 (base 3) in base 4?
-1203310
What is 3221 (base 10) in base 12?
1a45
Convert 1244a (base 11) to base 8.
42661
Convert 5a7 (base 13) to base 12.
69a
Convert 2cc (base 14) to base 9.
705
-103a (base 13) to base 6
-14222
What is -4bac (base 13) in base 5?
-321124
3402 (base 5) to base 12
339
What is 1021 (base 12) in base 3?
2101221
-8f5 (base 16) to base 3
-10010221
-1010110010011 (base 2) to base 12
-3243
-311332 (base 6) to base 4
-12012020
26bb (base 12) to base 9
6108
Convert 1111100110100 (base 2) to base 16.
1f34
What is 1013013 (base 5) in base 12?
9761
Convert 1387 (base 10) to base 15.
627
Convert -1033234 (base 6) to base 10.
-51286
276e (base 15) to base 7
33401
What is -151305 (base 7) in base 13?
-10455
Convert 24413 (base 7) to base 6.
45312
Convert -1b47 (base 13) to base 7.
-14666
What is -31103 (base 6) in base 16?
-102f
-134430 (base 7) to base 13
-b862
-5150 (base 6) to base 8
-2172
What is 107 (base 12) in base 16?
97
140761 (base 9) to base 6
1501431
-1539 (base 13) to base 12
-1956
-1c9 (base 15) to base 8
-636
1c72 (base 15) to base 10
6182
Convert 184 (base 11) to base 6.
553
Convert 252351 (base 6) to base 8.
54113
What is -504 (base 11) in base 16?
-261
What is -624 (base 9) in base 16?
-1fc
14124 (base 5) to base 11
969
What is -142245 (base 6) in base 14?
-4cbb
315 (base 12) to base 13
287
What is -169 (base 13) in base 4?
-10000
What is -684 (base 9) in base 4?
-20302
What is 123 (base 13) in base 7?
402
Convert 1010110 (base 2) to base 12.
72
Convert 81a8 (base 12) to base 6.
145132
Convert 2034 (base 5) to base 11.
225
What is 12410 (base 8) in base 15?
18de
Convert -2523 (base 6) to base 2.
-1001110011
-249 (base 12) to base 5
-2340
Convert 233410 (base 5) to base 9.
12721
What is 4e51 (base 15) in base 4?
10011112
What is 2210 (base 6) in base 10?
510
What is -10837 (base 12) in base 14?
-7dc7
What is 2107 (base 11) in base 10?
2790
1667 (base 12) to base 9
3587
Convert -424 (base 7) to base 14.
-114
What is -8332 (base 11) in base 3?
-120011010
What is -1000111001111 (base 2) in base 11?
-3475
a46 (base 15) to base 12
1410
What is -154 (base 12) in base 7?
-415
What is 4b7 (base 14) in base 16?
3b1
533 (base 8) to base 13
209
What is -111 (base 11) in base 12?
-b1
-d5d2 (base 16) to base 15
-11343
654 (base 14) to base 3
1201022
What is 14463 (base 8) in base 11?
4935
Convert 1714 (base 12) to base 14.
1008
What is -15406 (base 8) in base 7?
-26112
caa (base 16) to base 6
23002
What is 7743 (base 13) in base 14?
60ad
What is 742